Last updated on 2024-05-03 05:53:09 CEST.
Flavor | Version | Tinstall | Tcheck | Ttotal | Status | Flags |
---|---|---|---|---|---|---|
r-devel-linux-x86_64-debian-clang | 0.1.1 | 12.27 | 224.77 | 237.04 | OK | |
r-devel-linux-x86_64-debian-gcc | 0.1.1 | 10.11 | 166.72 | 176.83 | OK | |
r-devel-linux-x86_64-fedora-clang | 0.1.1 | 297.65 | NOTE | |||
r-devel-linux-x86_64-fedora-gcc | 0.1.1 | 299.79 | NOTE | |||
r-devel-windows-x86_64 | 0.1.1 | 16.00 | 176.00 | 192.00 | OK | |
r-patched-linux-x86_64 | 0.1.1 | 8.46 | 209.13 | 217.59 | OK | |
r-release-linux-x86_64 | 0.1.1 | 8.44 | 210.91 | 219.35 | OK | |
r-release-macos-arm64 | 0.1.1 | 90.00 | OK | |||
r-release-windows-x86_64 | 0.1.1 | 12.00 | 175.00 | 187.00 | OK | |
r-oldrel-macos-arm64 | 0.1.1 | 90.00 | OK | |||
r-oldrel-macos-x86_64 | 0.1.1 | 168.00 | OK | |||
r-oldrel-windows-x86_64 | 0.1.1 | 15.00 | 224.00 | 239.00 | OK |
Version: 0.1.1
Check: dependencies in R code
Result: NOTE
Namespace in Imports field not imported from: ‘moonBook’
All declared Imports should be used.
Flavors: r-devel-linux-x86_64-fedora-clang, r-devel-linux-x86_64-fedora-gcc