Last updated on 2024-05-02 11:51:24 CEST.
Flavor | Version | Tinstall | Tcheck | Ttotal | Status | Flags |
---|---|---|---|---|---|---|
r-devel-linux-x86_64-debian-clang | 1.1.5 | 345.50 | 63.30 | 408.80 | NOTE | |
r-devel-linux-x86_64-debian-gcc | 1.1.5 | 265.02 | 47.42 | 312.44 | NOTE | |
r-devel-linux-x86_64-fedora-clang | 1.1.5 | 639.31 | NOTE | |||
r-devel-linux-x86_64-fedora-gcc | 1.1.5 | 698.60 | NOTE | |||
r-devel-windows-x86_64 | 1.1.5 | 264.00 | 5.00 | 269.00 | ERROR | |
r-patched-linux-x86_64 | 1.1.5 | 351.48 | 60.93 | 412.41 | NOTE | |
r-release-linux-x86_64 | 1.1.5 | 332.10 | 59.47 | 391.57 | NOTE | |
r-release-macos-arm64 | 1.1.5 | 109.00 | NOTE | |||
r-release-macos-x86_64 | 1.1.5 | 125.00 | NOTE | |||
r-release-windows-x86_64 | 1.1.5 | 273.00 | 5.00 | 278.00 | ERROR | |
r-oldrel-macos-arm64 | 1.1.5 | 116.00 | NOTE | |||
r-oldrel-macos-x86_64 | 1.1.5 | 150.00 | NOTE | |||
r-oldrel-windows-x86_64 | 1.1.5 | 336.00 | 195.00 | 531.00 | NOTE |
Version: 1.1.5
Check: for GNU extensions in Makefiles
Result: NOTE
GNU make is a SystemRequirements.
Flavors: r-devel-linux-x86_64-debian-clang, r-devel-linux-x86_64-debian-gcc, r-devel-linux-x86_64-fedora-clang, r-devel-linux-x86_64-fedora-gcc, r-patched-linux-x86_64, r-release-linux-x86_64, r-release-macos-arm64, r-release-macos-x86_64, r-oldrel-macos-arm64, r-oldrel-macos-x86_64, r-oldrel-windows-x86_64
Version: 1.1.5
Check: whether package can be installed
Result: ERROR
Installation failed.
Flavors: r-devel-windows-x86_64, r-release-windows-x86_64
Version: 1.1.5
Check: installed package size
Result: NOTE
installed size is 19.7Mb
sub-directories of 1Mb or more:
art_profiles 1.5Mb
libs 17.3Mb
Flavors: r-release-macos-arm64, r-release-macos-x86_64, r-oldrel-macos-arm64, r-oldrel-macos-x86_64, r-oldrel-windows-x86_64