Last updated on 2024-05-03 05:53:10 CEST.
Flavor | Version | Tinstall | Tcheck | Ttotal | Status | Flags |
---|---|---|---|---|---|---|
r-devel-linux-x86_64-debian-clang | 1.5 | 188.77 | 34.96 | 223.73 | OK | |
r-devel-linux-x86_64-debian-gcc | 1.5 | 153.93 | 26.30 | 180.23 | OK | |
r-devel-linux-x86_64-fedora-clang | 1.5 | 332.37 | OK | |||
r-devel-linux-x86_64-fedora-gcc | 1.5 | 361.97 | OK | |||
r-devel-windows-x86_64 | 1.5 | 143.00 | 89.00 | 232.00 | OK | |
r-patched-linux-x86_64 | 1.5 | 186.06 | 32.79 | 218.85 | OK | |
r-release-linux-x86_64 | 1.5 | 184.52 | 32.74 | 217.26 | OK | |
r-release-macos-arm64 | 1.5 | 76.00 | NOTE | |||
r-release-windows-x86_64 | 1.5 | 150.00 | 80.00 | 230.00 | OK | |
r-oldrel-macos-arm64 | 1.5 | 85.00 | NOTE | |||
r-oldrel-macos-x86_64 | 1.5 | 146.00 | NOTE | |||
r-oldrel-windows-x86_64 | 1.5 | 134.00 | 92.00 | 226.00 | OK |
Version: 1.5
Check: installed package size
Result: NOTE
installed size is 12.9Mb
sub-directories of 1Mb or more:
libs 12.6Mb
Flavors: r-release-macos-arm64, r-oldrel-macos-arm64, r-oldrel-macos-x86_64