Last updated on 2024-04-19 05:10:47 CEST.
Flavor | Version | Tinstall | Tcheck | Ttotal | Status | Flags |
---|---|---|---|---|---|---|
r-devel-linux-x86_64-debian-clang | 2.13.0 | 30.33 | 237.85 | 268.18 | NOTE | |
r-devel-linux-x86_64-debian-gcc | 2.13.0 | 20.99 | 187.36 | 208.35 | NOTE | |
r-devel-linux-x86_64-fedora-clang | 2.13.0 | 364.95 | NOTE | |||
r-devel-linux-x86_64-fedora-gcc | 2.13.0 | 363.72 | NOTE | |||
r-prerel-macos-arm64 | 2.13.0 | 104.00 | NOTE | |||
r-prerel-windows-x86_64 | 2.13.0 | 27.00 | 268.00 | 295.00 | NOTE | |
r-patched-linux-x86_64 | 2.13.0 | 47.67 | 243.79 | 291.46 | NOTE | |
r-release-linux-x86_64 | 2.13.0 | 27.12 | 242.33 | 269.45 | OK | |
r-release-macos-arm64 | 2.13.0 | 111.00 | OK | |||
r-release-macos-x86_64 | 2.13.0 | 171.00 | NOTE | |||
r-release-windows-x86_64 | 2.13.0 | 34.00 | 321.00 | 355.00 | OK | |
r-oldrel-macos-arm64 | 2.13.0 | 90.00 | OK | |||
r-oldrel-windows-x86_64 | 2.13.0 | 34.00 | 223.00 | 257.00 | OK |
Version: 2.13.0
Check: Rd files
Result: NOTE
checkRd: (-1) image_load.Rd:20: Lost braces
20 | \item{color_mode}{One of {\code{"grayscale"}, \code{"rgb"}, \code{"rgba"}}.
| ^
checkRd: (-1) k_placeholder.Rd:19: Lost braces
19 | \item{ndim}{Number of axes of the tensor. At least one of {\code{shape}, \code{ndim}}
| ^
checkRd: (-1) metric_auc.Rd:40: Lost braces; missing escapes or markup?
40 | to {-epsilon, 1+epsilon} for a small positive epsilon value will be
| ^
Flavors: r-devel-linux-x86_64-debian-clang, r-devel-linux-x86_64-debian-gcc, r-devel-linux-x86_64-fedora-clang, r-devel-linux-x86_64-fedora-gcc, r-prerel-macos-arm64, r-prerel-windows-x86_64, r-patched-linux-x86_64
Version: 2.13.0
Check: installed package size
Result: NOTE
installed size is 5.4Mb
sub-directories of 1Mb or more:
doc 2.0Mb
help 2.4Mb
Flavor: r-release-macos-x86_64