Last updated on 2024-05-03 05:53:10 CEST.
Flavor | Version | Tinstall | Tcheck | Ttotal | Status | Flags |
---|---|---|---|---|---|---|
r-devel-linux-x86_64-debian-clang | 1.1.3 | 247.23 | 103.48 | 350.71 | NOTE | |
r-devel-linux-x86_64-debian-gcc | 1.1.3 | 214.71 | 75.46 | 290.17 | NOTE | |
r-devel-windows-x86_64 | 1.1.3 | 308.00 | 113.00 | 421.00 | NOTE | |
r-patched-linux-x86_64 | 1.1.3 | 231.67 | 96.59 | 328.26 | NOTE | |
r-release-linux-x86_64 | 1.1.3 | 189.21 | 98.32 | 287.53 | NOTE | |
r-release-macos-arm64 | 1.1.3 | 119.00 | NOTE | |||
r-release-macos-x86_64 | 1.1.3 | 148.00 | NOTE | |||
r-release-windows-x86_64 | 1.1.3 | 300.00 | 111.00 | 411.00 | NOTE | |
r-oldrel-macos-arm64 | 1.1.3 | 130.00 | NOTE | |||
r-oldrel-macos-x86_64 | 1.1.3 | 142.00 | NOTE | |||
r-oldrel-windows-x86_64 | 1.1.3 | 332.00 | 136.00 | 468.00 | NOTE |
Version: 1.1.3
Check: for GNU extensions in Makefiles
Result: NOTE
GNU make is a SystemRequirements.
Flavors: r-devel-linux-x86_64-debian-clang, r-devel-linux-x86_64-debian-gcc, r-devel-windows-x86_64, r-patched-linux-x86_64, r-release-linux-x86_64, r-release-macos-arm64, r-release-macos-x86_64, r-release-windows-x86_64, r-oldrel-macos-arm64, r-oldrel-macos-x86_64, r-oldrel-windows-x86_64