Last updated on 2024-05-03 05:53:10 CEST.
Flavor | Version | Tinstall | Tcheck | Ttotal | Status | Flags |
---|---|---|---|---|---|---|
r-devel-linux-x86_64-debian-clang | 5.0 | 28.24 | 449.99 | 478.23 | OK | |
r-devel-linux-x86_64-debian-gcc | 5.0 | 20.58 | 312.21 | 332.79 | OK | |
r-devel-linux-x86_64-fedora-clang | 5.0 | 574.07 | OK | |||
r-devel-linux-x86_64-fedora-gcc | 5.0 | 558.97 | OK | |||
r-devel-windows-x86_64 | 5.0 | 25.00 | 283.00 | 308.00 | OK | |
r-patched-linux-x86_64 | 5.0 | 26.88 | 418.13 | 445.01 | OK | |
r-release-linux-x86_64 | 5.0 | 31.16 | 421.71 | 452.87 | OK | |
r-release-macos-arm64 | 5.0 | 134.00 | OK | |||
r-release-windows-x86_64 | 5.0 | 26.00 | 281.00 | 307.00 | OK | |
r-oldrel-macos-arm64 | 5.0 | 147.00 | OK | |||
r-oldrel-macos-x86_64 | 5.0 | 549.00 | NOTE | |||
r-oldrel-windows-x86_64 | 5.0 | 35.00 | 371.00 | 406.00 | OK |
Version: 5.0
Check: installed package size
Result: NOTE
installed size is 5.3Mb
sub-directories of 1Mb or more:
data 2.2Mb
doc 1.5Mb
extdata 1.1Mb
Flavor: r-oldrel-macos-x86_64