Last updated on 2024-05-02 23:51:55 CEST.
Flavor | Version | Tinstall | Tcheck | Ttotal | Status | Flags |
---|---|---|---|---|---|---|
r-devel-linux-x86_64-debian-clang | 4.1.1 | 159.23 | 547.56 | 706.79 | NOTE | |
r-devel-linux-x86_64-debian-gcc | 4.1.1 | 135.18 | 381.92 | 517.10 | NOTE | |
r-devel-linux-x86_64-fedora-clang | 4.1.1 | 901.86 | NOTE | |||
r-devel-linux-x86_64-fedora-gcc | 4.1.1 | 1023.65 | NOTE | |||
r-devel-windows-x86_64 | 4.1.1 | 139.00 | 376.00 | 515.00 | NOTE | |
r-patched-linux-x86_64 | 4.1.1 | 177.92 | 506.48 | 684.40 | OK | |
r-release-linux-x86_64 | 4.1.1 | 165.60 | 514.63 | 680.23 | OK | |
r-release-macos-arm64 | 4.1.1 | 203.00 | NOTE | |||
r-release-macos-x86_64 | 4.1.1 | 499.00 | NOTE | |||
r-release-windows-x86_64 | 4.1.1 | 133.00 | 381.00 | 514.00 | NOTE | |
r-oldrel-macos-arm64 | 4.1.1 | 214.00 | NOTE | |||
r-oldrel-macos-x86_64 | 4.1.1 | 464.00 | NOTE | |||
r-oldrel-windows-x86_64 | 4.1.1 | 163.00 | 514.00 | 677.00 | NOTE |
Version: 4.1.1
Check: compiled code
Result: NOTE
File ‘lidR/libs/lidR.so’:
Found non-API calls to R: ‘R_curErrorBuf’, ‘SETLENGTH’
Compiled code should not call non-API entry points in R.
See ‘Writing portable packages’ in the ‘Writing R Extensions’ manual.
Flavors: r-devel-linux-x86_64-debian-clang, r-devel-linux-x86_64-debian-gcc, r-devel-linux-x86_64-fedora-clang, r-devel-linux-x86_64-fedora-gcc
Version: 4.1.1
Check: installed package size
Result: NOTE
installed size is 5.4Mb
sub-directories of 1Mb or more:
R 1.0Mb
doc 1.0Mb
extdata 1.1Mb
libs 1.7Mb
Flavors: r-devel-windows-x86_64, r-release-macos-arm64, r-release-macos-x86_64, r-release-windows-x86_64, r-oldrel-macos-arm64, r-oldrel-macos-x86_64, r-oldrel-windows-x86_64
Version: 4.1.1
Check: compiled code
Result: NOTE
File 'lidR/libs/x64/lidR.dll':
Found non-API calls to R: 'R_curErrorBuf', 'SETLENGTH'
Compiled code should not call non-API entry points in R.
See 'Writing portable packages' in the 'Writing R Extensions' manual.
Flavor: r-devel-windows-x86_64