Last updated on 2024-05-02 23:51:55 CEST.
Flavor | Version | Tinstall | Tcheck | Ttotal | Status | Flags |
---|---|---|---|---|---|---|
r-devel-linux-x86_64-debian-clang | 1.9 | 78.72 | 106.48 | 185.20 | OK | |
r-devel-linux-x86_64-debian-gcc | 1.9 | 72.09 | 80.61 | 152.70 | OK | |
r-devel-linux-x86_64-fedora-clang | 1.9 | 237.04 | OK | |||
r-devel-linux-x86_64-fedora-gcc | 1.9 | 257.03 | OK | |||
r-devel-windows-x86_64 | 1.9 | 57.00 | 113.00 | 170.00 | OK | |
r-patched-linux-x86_64 | 1.9 | 62.15 | 105.06 | 167.21 | OK | |
r-release-linux-x86_64 | 1.9 | 63.54 | 102.68 | 166.22 | OK | |
r-release-macos-arm64 | 1.9 | 66.00 | NOTE | |||
r-release-windows-x86_64 | 1.9 | 59.00 | 111.00 | 170.00 | OK | |
r-oldrel-macos-arm64 | 1.9 | 75.00 | NOTE | |||
r-oldrel-macos-x86_64 | 1.9 | 112.00 | NOTE | |||
r-oldrel-windows-x86_64 | 1.9 | 76.00 | 138.00 | 214.00 | OK |
Version: 1.9
Check: installed package size
Result: NOTE
installed size is 27.9Mb
sub-directories of 1Mb or more:
libs 27.8Mb
Flavors: r-release-macos-arm64, r-oldrel-macos-arm64, r-oldrel-macos-x86_64