Last updated on 2024-05-03 05:53:12 CEST.
Flavor | Version | Tinstall | Tcheck | Ttotal | Status | Flags |
---|---|---|---|---|---|---|
r-devel-linux-x86_64-debian-clang | 1.2.2 | 51.46 | 165.80 | 217.26 | NOTE | |
r-devel-linux-x86_64-debian-gcc | 1.2.2 | 41.48 | 133.90 | 175.38 | NOTE | |
r-devel-linux-x86_64-fedora-clang | 1.2.2 | 330.69 | NOTE | |||
r-devel-linux-x86_64-fedora-gcc | 1.2.2 | 329.74 | NOTE | |||
r-devel-windows-x86_64 | 1.2.2 | 48.00 | 157.00 | 205.00 | NOTE | |
r-patched-linux-x86_64 | 1.2.2 | 50.10 | 155.29 | 205.39 | NOTE | |
r-release-linux-x86_64 | 1.2.2 | 48.21 | 170.41 | 218.62 | NOTE | |
r-release-macos-arm64 | 1.2.2 | 78.00 | NOTE | |||
r-release-macos-x86_64 | 1.2.2 | 136.00 | NOTE | |||
r-release-windows-x86_64 | 1.2.2 | 45.00 | 159.00 | 204.00 | NOTE | |
r-oldrel-macos-arm64 | 1.2.2 | 75.00 | NOTE | |||
r-oldrel-macos-x86_64 | 1.2.2 | 128.00 | NOTE | |||
r-oldrel-windows-x86_64 | 1.2.2 | 59.00 | 190.00 | 249.00 | NOTE |
Version: 1.2.2
Check: C++ specification
Result: NOTE
Specified C++11: please drop specification unless essential
Flavors: r-devel-linux-x86_64-debian-clang, r-devel-linux-x86_64-debian-gcc, r-devel-linux-x86_64-fedora-clang, r-devel-linux-x86_64-fedora-gcc, r-devel-windows-x86_64, r-patched-linux-x86_64, r-release-linux-x86_64, r-release-macos-arm64, r-release-macos-x86_64, r-release-windows-x86_64, r-oldrel-macos-arm64, r-oldrel-macos-x86_64, r-oldrel-windows-x86_64