Last updated on 2024-05-03 05:53:13 CEST.
Flavor | Version | Tinstall | Tcheck | Ttotal | Status | Flags |
---|---|---|---|---|---|---|
r-devel-linux-x86_64-debian-clang | 0.2.1 | 8.64 | 113.64 | 122.28 | OK | |
r-devel-linux-x86_64-debian-gcc | 0.2.1 | 5.91 | 83.26 | 89.17 | OK | |
r-devel-linux-x86_64-fedora-clang | 0.2.1 | 152.36 | NOTE | |||
r-devel-linux-x86_64-fedora-gcc | 0.2.1 | 152.32 | OK | |||
r-devel-windows-x86_64 | 0.2.1 | 9.00 | 109.00 | 118.00 | OK | |
r-patched-linux-x86_64 | 0.2.1 | 12.31 | 106.43 | 118.74 | OK | |
r-release-linux-x86_64 | 0.2.1 | 4.78 | 107.80 | 112.58 | OK | |
r-release-macos-arm64 | 0.2.1 | 54.00 | OK | |||
r-release-windows-x86_64 | 0.2.1 | 9.00 | 112.00 | 121.00 | OK | |
r-oldrel-macos-arm64 | 0.2.1 | 57.00 | OK | |||
r-oldrel-macos-x86_64 | 0.2.1 | 76.00 | OK | |||
r-oldrel-windows-x86_64 | 0.2.1 | 10.00 | 137.00 | 147.00 | OK |
Version: 0.2.1
Check: Rd cross-references
Result: NOTE
Undeclared package ‘processx’ in Rd xrefs
Flavor: r-devel-linux-x86_64-fedora-clang