Last updated on 2024-05-03 05:53:13 CEST.
Flavor | Version | Tinstall | Tcheck | Ttotal | Status | Flags |
---|---|---|---|---|---|---|
r-devel-linux-x86_64-debian-clang | 7.5.1 | 31.41 | 234.58 | 265.99 | OK | |
r-devel-linux-x86_64-debian-gcc | 7.5.1 | 29.51 | 173.14 | 202.65 | OK | |
r-devel-linux-x86_64-fedora-clang | 7.5.1 | 351.74 | NOTE | |||
r-devel-linux-x86_64-fedora-gcc | 7.5.1 | 350.08 | OK | |||
r-devel-windows-x86_64 | 7.5.1 | 31.00 | 193.00 | 224.00 | NOTE | |
r-patched-linux-x86_64 | 7.5.1 | 31.81 | 188.29 | 220.10 | OK | |
r-release-linux-x86_64 | 7.5.1 | 31.26 | 227.75 | 259.01 | OK | |
r-release-macos-arm64 | 7.5.1 | 119.00 | NOTE | |||
r-release-windows-x86_64 | 7.5.1 | 32.00 | 202.00 | 234.00 | NOTE | |
r-oldrel-macos-arm64 | 7.5.1 | 132.00 | NOTE | |||
r-oldrel-macos-x86_64 | 7.5.1 | 208.00 | NOTE | |||
r-oldrel-windows-x86_64 | 7.5.1 | 40.00 | 240.00 | 280.00 | NOTE |
Version: 7.5.1
Check: installed package size
Result: NOTE
installed size is 6.0Mb
sub-directories of 1Mb or more:
R 5.9Mb
Flavors: r-devel-linux-x86_64-fedora-clang, r-devel-windows-x86_64, r-release-macos-arm64, r-release-windows-x86_64, r-oldrel-macos-arm64, r-oldrel-macos-x86_64, r-oldrel-windows-x86_64