Last updated on 2024-05-03 05:53:13 CEST.
Flavor | Version | Tinstall | Tcheck | Ttotal | Status | Flags |
---|---|---|---|---|---|---|
r-devel-linux-x86_64-debian-clang | 1.0.2 | 6.47 | 55.03 | 61.50 | OK | |
r-devel-linux-x86_64-debian-gcc | 1.0.2 | 7.38 | 40.47 | 47.85 | OK | |
r-devel-linux-x86_64-fedora-clang | 1.0.2 | 82.65 | OK | |||
r-devel-linux-x86_64-fedora-gcc | 1.0.2 | 77.92 | OK | |||
r-devel-windows-x86_64 | 1.0.2 | 10.00 | 63.00 | 73.00 | OK | |
r-patched-linux-x86_64 | 1.0.2 | 8.14 | 45.78 | 53.92 | OK | |
r-release-linux-x86_64 | 1.0.2 | 5.55 | 51.46 | 57.01 | OK | |
r-release-macos-arm64 | 1.0.2 | 32.00 | NOTE | |||
r-release-windows-x86_64 | 1.0.2 | 8.00 | 65.00 | 73.00 | OK | |
r-oldrel-macos-arm64 | 1.0.2 | 32.00 | NOTE | |||
r-oldrel-macos-x86_64 | 1.0.2 | 51.00 | NOTE | |||
r-oldrel-windows-x86_64 | 1.0.2 | 11.00 | 74.00 | 85.00 | OK |
Version: 1.0.2
Check: installed package size
Result: NOTE
installed size is 5.7Mb
sub-directories of 1Mb or more:
data 5.5Mb
Flavors: r-release-macos-arm64, r-oldrel-macos-arm64, r-oldrel-macos-x86_64