Last updated on 2024-05-03 05:53:14 CEST.
Flavor | Version | Tinstall | Tcheck | Ttotal | Status | Flags |
---|---|---|---|---|---|---|
r-devel-linux-x86_64-debian-clang | 0.1.3 | 1261.22 | 50.55 | 1311.77 | OK | |
r-devel-linux-x86_64-debian-gcc | 0.1.3 | 900.00 | 38.79 | 938.79 | OK | |
r-devel-linux-x86_64-fedora-clang | 0.1.3 | 2072.85 | NOTE | |||
r-devel-linux-x86_64-fedora-gcc | 0.1.3 | 1921.32 | NOTE | |||
r-devel-windows-x86_64 | 0.1.3 | 841.00 | 93.00 | 934.00 | NOTE | |
r-patched-linux-x86_64 | 0.1.3 | 1163.38 | 47.71 | 1211.09 | OK | |
r-release-linux-x86_64 | 0.1.3 | 1176.04 | 47.60 | 1223.64 | OK | |
r-release-macos-arm64 | 0.1.3 | 260.00 | NOTE | |||
r-release-windows-x86_64 | 0.1.3 | 850.00 | 89.00 | 939.00 | NOTE | |
r-oldrel-macos-arm64 | 0.1.3 | 342.00 | NOTE | |||
r-oldrel-macos-x86_64 | 0.1.3 | 251.00 | NOTE | |||
r-oldrel-windows-x86_64 | 0.1.3 | 962.00 | 101.00 | 1063.00 | NOTE |
Version: 0.1.3
Check: installed package size
Result: NOTE
installed size is 5.1Mb
sub-directories of 1Mb or more:
data 1.9Mb
libs 1.9Mb
models 1.1Mb
Flavors: r-devel-linux-x86_64-fedora-clang, r-devel-windows-x86_64, r-release-macos-arm64, r-release-windows-x86_64, r-oldrel-macos-arm64, r-oldrel-macos-x86_64, r-oldrel-windows-x86_64
Version: 0.1.3
Check: data for non-ASCII characters
Result: NOTE
Note: found 47936 marked UTF-8 strings
Flavors: r-devel-linux-x86_64-fedora-clang, r-devel-linux-x86_64-fedora-gcc