Last updated on 2024-05-02 05:12:44 CEST.
Flavor | Version | Tinstall | Tcheck | Ttotal | Status | Flags |
---|---|---|---|---|---|---|
r-devel-linux-x86_64-debian-clang | 1.8.24 | 19.84 | 189.24 | 209.08 | OK | |
r-devel-linux-x86_64-debian-gcc | 1.8.24 | 15.07 | 134.32 | 149.39 | OK | |
r-devel-linux-x86_64-fedora-clang | 1.8.24 | 253.40 | NOTE | |||
r-devel-linux-x86_64-fedora-gcc | 1.8.24 | 255.31 | NOTE | |||
r-devel-windows-x86_64 | 1.8.24 | 17.00 | 171.00 | 188.00 | OK | |
r-patched-linux-x86_64 | 1.8.24 | 27.61 | 175.62 | 203.23 | OK | |
r-release-linux-x86_64 | 1.8.24 | 18.69 | 174.82 | 193.51 | OK | |
r-release-macos-arm64 | 1.8.24 | 77.00 | OK | |||
r-release-macos-x86_64 | 1.8.24 | 178.00 | OK | |||
r-release-windows-x86_64 | 1.8.24 | 20.00 | 171.00 | 191.00 | OK | |
r-oldrel-macos-arm64 | 1.8.24 | 119.00 | OK | |||
r-oldrel-macos-x86_64 | 1.8.24 | 154.00 | OK | |||
r-oldrel-windows-x86_64 | 1.8.24 | 21.00 | 206.00 | 227.00 | OK |
Version: 1.8.24
Check: for detritus in the temp directory
Result: NOTE
Found the following files/directories:
‘Crashpad’
Flavors: r-devel-linux-x86_64-fedora-clang, r-devel-linux-x86_64-fedora-gcc