Last updated on 2024-05-02 23:51:58 CEST.
Flavor | Version | Tinstall | Tcheck | Ttotal | Status | Flags |
---|---|---|---|---|---|---|
r-devel-linux-x86_64-debian-clang | 2.9-0 | 35.74 | 618.46 | 654.20 | OK | |
r-devel-linux-x86_64-debian-gcc | 2.9-0 | 30.80 | 440.66 | 471.46 | OK | |
r-devel-linux-x86_64-fedora-clang | 2.9-0 | 862.15 | NOTE | |||
r-devel-linux-x86_64-fedora-gcc | 2.9-0 | 811.11 | NOTE | |||
r-devel-windows-x86_64 | 2.9-0 | 31.00 | 492.00 | 523.00 | OK | |
r-patched-linux-x86_64 | 2.9-0 | 52.01 | 592.43 | 644.44 | OK | |
r-release-linux-x86_64 | 2.9-0 | 29.30 | 596.44 | 625.74 | OK | |
r-release-macos-arm64 | 2.9-0 | 191.00 | OK | |||
r-release-windows-x86_64 | 2.9-0 | 34.00 | 479.00 | 513.00 | OK | |
r-oldrel-macos-arm64 | 2.9-0 | 159.00 | OK | |||
r-oldrel-macos-x86_64 | 2.9-0 | 353.00 | OK | |||
r-oldrel-windows-x86_64 | 2.9-0 | 44.00 | 641.00 | 685.00 | OK |
Version: 2.9-0
Check: Rd cross-references
Result: NOTE
Undeclared package ‘crossnma’ in Rd xrefs
Flavor: r-devel-linux-x86_64-fedora-clang
Version: 2.9-0
Check: data for non-ASCII characters
Result: NOTE
Note: found 2 marked UTF-8 strings
Flavors: r-devel-linux-x86_64-fedora-clang, r-devel-linux-x86_64-fedora-gcc