Last updated on 2024-05-03 05:53:14 CEST.
Flavor | Version | Tinstall | Tcheck | Ttotal | Status | Flags |
---|---|---|---|---|---|---|
r-devel-linux-x86_64-debian-clang | 0.3.9 | 13.13 | 136.53 | 149.66 | OK | |
r-devel-linux-x86_64-debian-gcc | 0.3.9 | 8.39 | 98.95 | 107.34 | OK | |
r-devel-linux-x86_64-fedora-clang | 0.3.9 | 192.74 | NOTE | |||
r-devel-linux-x86_64-fedora-gcc | 0.3.9 | 430.86 | NOTE | |||
r-devel-windows-x86_64 | 0.3.9 | 14.00 | 114.00 | 128.00 | OK | |
r-patched-linux-x86_64 | 0.3.9 | 11.47 | 129.25 | 140.72 | OK | |
r-release-linux-x86_64 | 0.3.9 | 7.30 | 129.26 | 136.56 | OK | |
r-release-macos-arm64 | 0.3.9 | 112.00 | OK | |||
r-release-windows-x86_64 | 0.3.9 | 11.00 | 110.00 | 121.00 | OK | |
r-oldrel-macos-arm64 | 0.3.9 | 135.00 | OK | |||
r-oldrel-macos-x86_64 | 0.3.9 | 222.00 | OK | |||
r-oldrel-windows-x86_64 | 0.3.9 | 15.00 | 135.00 | 150.00 | OK |
Version: 0.3.9
Check: dependencies in R code
Result: NOTE
Namespaces in Imports field not imported from:
‘forecast’ ‘rlang’ ‘tsibble’ ‘viridis’
All declared Imports should be used.
Flavors: r-devel-linux-x86_64-fedora-clang, r-devel-linux-x86_64-fedora-gcc