Last updated on 2024-03-28 23:55:13 CET.
Flavor | Version | Tinstall | Tcheck | Ttotal | Status | Flags |
---|---|---|---|---|---|---|
r-devel-linux-x86_64-debian-clang | 2.2.11 | 6.04 | 46.03 | 52.07 | OK | |
r-devel-linux-x86_64-debian-gcc | 2.2.11 | 4.50 | 34.37 | 38.87 | OK | |
r-devel-linux-x86_64-fedora-clang | 2.2.11 | 70.15 | NOTE | |||
r-devel-linux-x86_64-fedora-gcc | 2.2.11 | 79.21 | NOTE | |||
r-devel-windows-x86_64 | 2.2.11 | 7.00 | 54.00 | 61.00 | NOTE | |
r-patched-linux-x86_64 | 2.2.11 | 7.25 | 44.62 | 51.87 | OK | |
r-release-linux-x86_64 | 2.2.11 | 6.42 | 43.44 | 49.86 | OK | |
r-release-macos-arm64 | 2.2.11 | 30.00 | OK | |||
r-release-macos-x86_64 | 2.2.11 | 49.00 | OK | |||
r-release-windows-x86_64 | 2.2.11 | 7.00 | 55.00 | 62.00 | NOTE | |
r-oldrel-macos-arm64 | 2.2.11 | 26.00 | OK | |||
r-oldrel-windows-x86_64 | 2.2.11 | 8.00 | 60.00 | 68.00 | NOTE |
Version: 2.2.11
Check: data for non-ASCII characters
Result: NOTE
Note: found 4 marked UTF-8 strings
Flavors: r-devel-linux-x86_64-fedora-clang, r-devel-linux-x86_64-fedora-gcc
Version: 2.2.11
Check: package dependencies
Result: NOTE
Package suggested but not available for checking: 'unix'
Flavors: r-devel-windows-x86_64, r-release-windows-x86_64, r-oldrel-windows-x86_64