Last updated on 2024-05-03 05:53:15 CEST.
Flavor | Version | Tinstall | Tcheck | Ttotal | Status | Flags |
---|---|---|---|---|---|---|
r-devel-linux-x86_64-debian-clang | 2.1.2 | 16.74 | 63.31 | 80.05 | OK | |
r-devel-linux-x86_64-debian-gcc | 2.1.2 | 11.60 | 46.63 | 58.23 | OK | |
r-devel-linux-x86_64-fedora-clang | 2.1.2 | 114.94 | OK | |||
r-devel-linux-x86_64-fedora-gcc | 2.1.2 | 144.97 | OK | |||
r-devel-windows-x86_64 | 2.1.2 | 54.00 | 121.00 | 175.00 | NOTE | |
r-patched-linux-x86_64 | 2.1.2 | 14.37 | 60.84 | 75.21 | OK | |
r-release-linux-x86_64 | 2.1.2 | 14.35 | 60.92 | 75.27 | OK | |
r-release-macos-arm64 | 2.1.2 | 50.00 | NOTE | |||
r-release-macos-x86_64 | 2.1.2 | 100.00 | NOTE | |||
r-release-windows-x86_64 | 2.1.2 | 49.00 | 115.00 | 164.00 | NOTE | |
r-oldrel-macos-arm64 | 2.1.2 | 61.00 | NOTE | |||
r-oldrel-macos-x86_64 | 2.1.2 | 84.00 | NOTE | |||
r-oldrel-windows-x86_64 | 2.1.2 | 57.00 | 141.00 | 198.00 | NOTE |
Version: 2.1.2
Check: installed package size
Result: NOTE
installed size is 7.8Mb
sub-directories of 1Mb or more:
doc 2.6Mb
libs 4.7Mb
Flavors: r-devel-windows-x86_64, r-release-macos-arm64, r-release-macos-x86_64, r-release-windows-x86_64, r-oldrel-macos-arm64, r-oldrel-macos-x86_64, r-oldrel-windows-x86_64