Last updated on 2024-05-03 11:53:08 CEST.
Flavor | Version | Tinstall | Tcheck | Ttotal | Status | Flags |
---|---|---|---|---|---|---|
r-devel-linux-x86_64-debian-clang | 1.5 | 124.02 | 333.68 | 457.70 | NOTE | |
r-devel-linux-x86_64-fedora-clang | 1.6 | 570.66 | NOTE | |||
r-devel-linux-x86_64-fedora-gcc | 1.6 | 597.81 | OK | |||
r-devel-windows-x86_64 | 1.6 | 86.00 | 238.00 | 324.00 | NOTE | |
r-patched-linux-x86_64 | 1.5 | 123.84 | 313.86 | 437.70 | NOTE | |
r-release-linux-x86_64 | 1.5 | 114.33 | 306.38 | 420.71 | OK | |
r-release-macos-arm64 | 1.6 | 160.00 | NOTE | |||
r-release-macos-x86_64 | 1.6 | 372.00 | NOTE | |||
r-release-windows-x86_64 | 1.5 | 87.00 | 239.00 | 326.00 | ERROR | |
r-oldrel-macos-arm64 | 1.6 | 135.00 | NOTE | |||
r-oldrel-macos-x86_64 | 1.6 | 323.00 | NOTE | |||
r-oldrel-windows-x86_64 | 1.6 | 80.00 | 248.00 | 328.00 | NOTE |
Version: 1.5
Check: compiled code
Result: NOTE
File ‘openxlsx2/libs/openxlsx2.so’:
Found non-API call to R: ‘Rf_isBlankString’
Compiled code should not call non-API entry points in R.
See ‘Writing portable packages’ in the ‘Writing R Extensions’ manual.
Flavors: r-devel-linux-x86_64-debian-clang, r-patched-linux-x86_64
Version: 1.6
Check: installed package size
Result: NOTE
installed size is 5.0Mb
sub-directories of 1Mb or more:
doc 1.5Mb
libs 1.1Mb
Flavors: r-devel-linux-x86_64-fedora-clang, r-devel-windows-x86_64, r-release-macos-arm64, r-release-macos-x86_64, r-oldrel-macos-arm64, r-oldrel-macos-x86_64, r-oldrel-windows-x86_64
Version: 1.5
Check: installed package size
Result: NOTE
installed size is 5.5Mb
sub-directories of 1Mb or more:
doc 1.5Mb
libs 1.7Mb
Flavor: r-release-windows-x86_64
Version: 1.5
Check: re-building of vignette outputs
Result: ERROR
Error(s) in re-building vignettes:
--- re-building 'Update-from-openxlsx.Rmd' using rmarkdown
--- finished re-building 'Update-from-openxlsx.Rmd'
--- re-building 'conditional-formatting.Rmd' using rmarkdown
Quitting from lines at lines 239-242 [unnamed-chunk-23] (conditional-formatting.Rmd)
Error: processing vignette 'conditional-formatting.Rmd' failed with diagnostics:
cannot open URL 'https://github.com/JanMarvin/openxlsx-data/raw/main/readTest.xlsx'
--- failed re-building 'conditional-formatting.Rmd'
--- re-building 'openxlsx2.Rmd' using rmarkdown
--- finished re-building 'openxlsx2.Rmd'
--- re-building 'openxlsx2_charts_manual.Rmd' using rmarkdown
--- finished re-building 'openxlsx2_charts_manual.Rmd'
--- re-building 'openxlsx2_formulas_manual.Rmd' using rmarkdown
--- finished re-building 'openxlsx2_formulas_manual.Rmd'
--- re-building 'openxlsx2_style_manual.Rmd' using rmarkdown
--- finished re-building 'openxlsx2_style_manual.Rmd'
SUMMARY: processing the following file failed:
'conditional-formatting.Rmd'
Error: Vignette re-building failed.
Execution halted
Flavor: r-release-windows-x86_64