Last updated on 2024-05-02 23:51:59 CEST.
Flavor | Version | Tinstall | Tcheck | Ttotal | Status | Flags |
---|---|---|---|---|---|---|
r-devel-linux-x86_64-debian-clang | 0.11.4 | 21.09 | 128.75 | 149.84 | OK | |
r-devel-linux-x86_64-debian-gcc | 0.11.4 | 14.93 | 95.29 | 110.22 | OK | |
r-devel-linux-x86_64-fedora-clang | 0.11.4 | 185.70 | NOTE | |||
r-devel-linux-x86_64-fedora-gcc | 0.11.4 | 180.61 | OK | |||
r-devel-windows-x86_64 | 0.11.4 | 17.00 | 130.00 | 147.00 | NOTE | |
r-patched-linux-x86_64 | 0.11.4 | 22.80 | 125.14 | 147.94 | OK | |
r-release-linux-x86_64 | 0.11.4 | 22.51 | 122.08 | 144.59 | OK | |
r-release-macos-arm64 | 0.11.4 | 44.00 | NOTE | |||
r-release-windows-x86_64 | 0.11.4 | 19.00 | 127.00 | 146.00 | NOTE | |
r-oldrel-macos-arm64 | 0.11.4 | 51.00 | NOTE | |||
r-oldrel-macos-x86_64 | 0.11.4 | 90.00 | NOTE | |||
r-oldrel-windows-x86_64 | 0.11.4 | 24.00 | 156.00 | 180.00 | NOTE |
Version: 0.11.4
Check: installed package size
Result: NOTE
installed size is 6.7Mb
sub-directories of 1Mb or more:
R 1.0Mb
nifti 3.8Mb
Flavors: r-devel-linux-x86_64-fedora-clang, r-devel-windows-x86_64, r-release-macos-arm64, r-release-windows-x86_64, r-oldrel-macos-arm64, r-oldrel-macos-x86_64, r-oldrel-windows-x86_64