Last updated on 2024-05-03 05:53:15 CEST.
Flavor | Version | Tinstall | Tcheck | Ttotal | Status | Flags |
---|---|---|---|---|---|---|
r-devel-linux-x86_64-debian-clang | 0.5.0 | 117.37 | 267.26 | 384.63 | OK | |
r-devel-linux-x86_64-debian-gcc | 0.5.0 | 90.84 | 188.29 | 279.13 | OK | |
r-devel-linux-x86_64-fedora-clang | 0.5.0 | 459.83 | OK | |||
r-devel-linux-x86_64-fedora-gcc | 0.5.0 | 446.40 | OK | |||
r-devel-windows-x86_64 | 0.5.0 | 81.00 | 316.00 | 397.00 | OK | |
r-patched-linux-x86_64 | 0.5.0 | 117.90 | 241.14 | 359.04 | OK | |
r-release-linux-x86_64 | 0.5.0 | 95.18 | 248.77 | 343.95 | OK | |
r-release-macos-arm64 | 0.5.0 | 107.00 | OK | |||
r-release-windows-x86_64 | 0.5.0 | 78.00 | 304.00 | 382.00 | OK | |
r-oldrel-macos-arm64 | 0.5.0 | 108.00 | NOTE | |||
r-oldrel-macos-x86_64 | 0.5.0 | 189.00 | OK | |||
r-oldrel-windows-x86_64 | 0.5.0 | 112.00 | 353.00 | 465.00 | OK |
Version: 0.5.0
Check: installed package size
Result: NOTE
installed size is 5.1Mb
sub-directories of 1Mb or more:
R 2.1Mb
help 2.9Mb
Flavor: r-oldrel-macos-arm64