Last updated on 2024-05-02 17:50:21 CEST.
Flavor | Version | Tinstall | Tcheck | Ttotal | Status | Flags |
---|---|---|---|---|---|---|
r-devel-linux-x86_64-debian-clang | 1.13.10 | 29.18 | 178.81 | 207.99 | OK | |
r-devel-linux-x86_64-debian-gcc | 1.13.10 | 25.82 | 127.54 | 153.36 | OK | |
r-devel-linux-x86_64-fedora-clang | 1.13.10 | 272.80 | NOTE | |||
r-devel-linux-x86_64-fedora-gcc | 1.13.10 | 253.56 | NOTE | |||
r-devel-windows-x86_64 | 1.13.10 | 24.00 | 130.00 | 154.00 | OK | |
r-patched-linux-x86_64 | 1.13.10 | 32.61 | 170.42 | 203.03 | OK | |
r-release-linux-x86_64 | 1.13.10 | 32.41 | 169.70 | 202.11 | OK | |
r-release-macos-arm64 | 1.13.10 | 60.00 | OK | |||
r-release-windows-x86_64 | 1.13.10 | 25.00 | 127.00 | 152.00 | OK | |
r-oldrel-macos-arm64 | 1.13.10 | 71.00 | OK | |||
r-oldrel-macos-x86_64 | 1.13.10 | 126.00 | OK | |||
r-oldrel-windows-x86_64 | 1.13.10 | 32.00 | 159.00 | 191.00 | OK |
Version: 1.13.10
Check: data for non-ASCII characters
Result: NOTE
Note: found 3 marked UTF-8 strings
Flavors: r-devel-linux-x86_64-fedora-clang, r-devel-linux-x86_64-fedora-gcc