Last updated on 2024-05-02 17:50:21 CEST.
Flavor | Version | Tinstall | Tcheck | Ttotal | Status | Flags |
---|---|---|---|---|---|---|
r-devel-linux-x86_64-debian-clang | 0.1.0 | 1.96 | 29.81 | 31.77 | OK | |
r-devel-linux-x86_64-debian-gcc | 0.1.0 | 1.49 | 23.72 | 25.21 | OK | |
r-devel-linux-x86_64-fedora-clang | 0.1.0 | 42.43 | NOTE | |||
r-devel-linux-x86_64-fedora-gcc | 0.1.0 | 52.08 | NOTE | |||
r-devel-windows-x86_64 | 0.1.0 | 3.00 | 46.00 | 49.00 | OK | |
r-patched-linux-x86_64 | 0.1.0 | 2.21 | 29.59 | 31.80 | OK | |
r-release-linux-x86_64 | 0.1.0 | 2.22 | 29.29 | 31.51 | OK | |
r-release-macos-arm64 | 0.1.0 | 24.00 | OK | |||
r-release-windows-x86_64 | 0.1.0 | 3.00 | 46.00 | 49.00 | OK | |
r-oldrel-macos-arm64 | 0.1.0 | 24.00 | OK | |||
r-oldrel-macos-x86_64 | 0.1.0 | 34.00 | OK | |||
r-oldrel-windows-x86_64 | 0.1.0 | 3.00 | 45.00 | 48.00 | OK |
Version: 0.1.0
Check: data for non-ASCII characters
Result: NOTE
Note: found 2048 marked UTF-8 strings
Flavors: r-devel-linux-x86_64-fedora-clang, r-devel-linux-x86_64-fedora-gcc