Last updated on 2024-05-02 17:50:22 CEST.
Flavor | Version | Tinstall | Tcheck | Ttotal | Status | Flags |
---|---|---|---|---|---|---|
r-devel-linux-x86_64-debian-clang | 1.1.5 | 509.42 | 1422.74 | 1932.16 | OK | |
r-devel-linux-x86_64-debian-gcc | 1.1.5 | 382.54 | 878.45 | 1260.99 | OK | |
r-devel-linux-x86_64-fedora-clang | 1.1.5 | 2894.67 | NOTE | |||
r-devel-linux-x86_64-fedora-gcc | 1.1.5 | 2686.55 | OK | |||
r-devel-windows-x86_64 | 1.1.5 | 428.00 | 596.00 | 1024.00 | NOTE | |
r-patched-linux-x86_64 | 1.1.5 | 509.22 | 1291.96 | 1801.18 | OK | |
r-release-linux-x86_64 | 1.1.5 | 465.19 | 1262.11 | 1727.30 | OK | |
r-release-macos-arm64 | 1.1.5 | 480.00 | NOTE | |||
r-release-windows-x86_64 | 1.1.5 | 410.00 | 596.00 | 1006.00 | NOTE | |
r-oldrel-macos-arm64 | 1.1.5 | 285.00 | NOTE | |||
r-oldrel-macos-x86_64 | 1.1.5 | 562.00 | NOTE | |||
r-oldrel-windows-x86_64 | 1.1.5 | 448.00 | 824.00 | 1272.00 | NOTE |
Version: 1.1.5
Check: installed package size
Result: NOTE
installed size is 11.8Mb
sub-directories of 1Mb or more:
R 6.3Mb
data 4.3Mb
Flavors: r-devel-linux-x86_64-fedora-clang, r-devel-windows-x86_64, r-release-macos-arm64, r-release-windows-x86_64, r-oldrel-macos-arm64, r-oldrel-macos-x86_64, r-oldrel-windows-x86_64
Version: 1.1.5
Check: package dependencies
Result: NOTE
Package suggested but not available for checking: ‘mappoly’
Flavor: r-release-macos-arm64