Last updated on 2024-05-02 23:52:00 CEST.
Flavor | Version | Tinstall | Tcheck | Ttotal | Status | Flags |
---|---|---|---|---|---|---|
r-devel-linux-x86_64-debian-clang | 0.1.0 | 2.34 | 28.24 | 30.58 | NOTE | |
r-devel-linux-x86_64-debian-gcc | 0.1.0 | 1.63 | 20.94 | 22.57 | NOTE | |
r-devel-linux-x86_64-fedora-clang | 0.1.0 | 38.39 | NOTE | |||
r-devel-linux-x86_64-fedora-gcc | 0.1.0 | 35.54 | NOTE | |||
r-devel-windows-x86_64 | 0.1.0 | 2.00 | 44.00 | 46.00 | NOTE | |
r-patched-linux-x86_64 | 0.1.0 | 1.93 | 27.02 | 28.95 | NOTE | |
r-release-linux-x86_64 | 0.1.0 | 2.05 | 26.37 | 28.42 | NOTE | |
r-release-macos-arm64 | 0.1.0 | 17.00 | NOTE | |||
r-release-windows-x86_64 | 0.1.0 | 3.00 | 42.00 | 45.00 | NOTE | |
r-oldrel-macos-arm64 | 0.1.0 | 16.00 | NOTE | |||
r-oldrel-macos-x86_64 | 0.1.0 | 23.00 | NOTE | |||
r-oldrel-windows-x86_64 | 0.1.0 | 2.00 | 42.00 | 44.00 | NOTE |
Version: 0.1.0
Check: LazyData
Result: NOTE
'LazyData' is specified without a 'data' directory
Flavors: r-devel-linux-x86_64-debian-clang, r-devel-linux-x86_64-debian-gcc, r-devel-linux-x86_64-fedora-clang, r-devel-linux-x86_64-fedora-gcc, r-devel-windows-x86_64, r-patched-linux-x86_64, r-release-linux-x86_64, r-release-macos-arm64, r-release-windows-x86_64, r-oldrel-macos-arm64, r-oldrel-macos-x86_64, r-oldrel-windows-x86_64