Last updated on 2024-04-23 11:55:54 CEST.
Flavor | Version | Tinstall | Tcheck | Ttotal | Status | Flags |
---|---|---|---|---|---|---|
r-devel-linux-x86_64-debian-clang | 0.5.1 | 12.06 | 108.96 | 121.02 | OK | |
r-devel-linux-x86_64-debian-gcc | 0.5.1 | 8.82 | 79.48 | 88.30 | OK | |
r-devel-linux-x86_64-fedora-clang | 0.5.1 | 156.64 | OK | |||
r-devel-linux-x86_64-fedora-gcc | 0.5.1 | 150.35 | OK | |||
r-prerel-macos-arm64 | 0.5.1 | 46.00 | OK | |||
r-prerel-windows-x86_64 | 0.5.1 | 9.00 | 87.00 | 96.00 | OK | |
r-patched-linux-x86_64 | 0.5.1 | 13.59 | 106.01 | 119.60 | OK | |
r-release-linux-x86_64 | 0.5.1 | 12.89 | 107.21 | 120.10 | OK | |
r-release-macos-arm64 | 0.5.1 | 46.00 | OK | |||
r-release-macos-x86_64 | 0.5.1 | 68.00 | NOTE | |||
r-release-windows-x86_64 | 0.5.1 | 14.00 | 109.00 | 123.00 | OK | |
r-oldrel-macos-arm64 | 0.5.1 | 39.00 | OK | |||
r-oldrel-windows-x86_64 | 0.5.1 | 13.00 | 106.00 | 119.00 | OK |
Version: 0.5.1
Check: package dependencies
Result: NOTE
Package suggested but not available for checking: ‘rCBA’
Flavor: r-release-macos-x86_64