Last updated on 2024-05-02 05:12:48 CEST.
Flavor | Version | Tinstall | Tcheck | Ttotal | Status | Flags |
---|---|---|---|---|---|---|
r-devel-linux-x86_64-debian-clang | 0.27.1 | 3.13 | 28.30 | 31.43 | OK | |
r-devel-linux-x86_64-debian-gcc | 0.27.1 | 2.20 | 21.18 | 23.38 | OK | |
r-devel-linux-x86_64-fedora-clang | 0.27.1 | 38.02 | NOTE | |||
r-devel-linux-x86_64-fedora-gcc | 0.27.1 | 35.41 | OK | |||
r-devel-windows-x86_64 | 0.27.1 | 3.00 | 46.00 | 49.00 | NOTE | |
r-patched-linux-x86_64 | 0.27.1 | 3.26 | 27.30 | 30.56 | OK | |
r-release-linux-x86_64 | 0.27.1 | 3.20 | 26.56 | 29.76 | OK | |
r-release-macos-arm64 | 0.27.1 | 17.00 | NOTE | |||
r-release-windows-x86_64 | 0.27.1 | 4.00 | 45.00 | 49.00 | NOTE | |
r-oldrel-macos-arm64 | 0.27.1 | 17.00 | NOTE | |||
r-oldrel-macos-x86_64 | 0.27.1 | 24.00 | NOTE | |||
r-oldrel-windows-x86_64 | 0.27.1 | 5.00 | 45.00 | 50.00 | NOTE |
Version: 0.27.1
Check: installed package size
Result: NOTE
installed size is 5.1Mb
sub-directories of 1Mb or more:
java 5.0Mb
Flavors: r-devel-linux-x86_64-fedora-clang, r-devel-windows-x86_64, r-release-macos-arm64, r-release-windows-x86_64, r-oldrel-macos-arm64, r-oldrel-macos-x86_64, r-oldrel-windows-x86_64
Version: 0.27.1
Check: package dependencies
Result: NOTE
Packages suggested but not available for checking: 'caret', 'xgboost'
Flavor: r-oldrel-macos-x86_64