Last updated on 2024-05-02 05:12:49 CEST.
Flavor | Version | Tinstall | Tcheck | Ttotal | Status | Flags |
---|---|---|---|---|---|---|
r-devel-linux-x86_64-debian-clang | 0.1.0 | 38.70 | 32.38 | 71.08 | NOTE | |
r-devel-linux-x86_64-debian-gcc | 0.1.0 | 36.30 | 26.22 | 62.52 | NOTE | |
r-devel-linux-x86_64-fedora-clang | 0.1.0 | 100.45 | NOTE | |||
r-devel-linux-x86_64-fedora-gcc | 0.1.0 | 104.89 | NOTE | |||
r-devel-windows-x86_64 | 0.1.0 | 29.00 | 61.00 | 90.00 | NOTE | |
r-patched-linux-x86_64 | 0.1.0 | 36.91 | 33.25 | 70.16 | NOTE | |
r-release-linux-x86_64 | 0.1.0 | 40.15 | 33.30 | 73.45 | NOTE | |
r-release-macos-arm64 | 0.1.0 | 26.00 | NOTE | |||
r-release-windows-x86_64 | 0.1.0 | 33.00 | 62.00 | 95.00 | NOTE | |
r-oldrel-macos-arm64 | 0.1.0 | 31.00 | NOTE | |||
r-oldrel-macos-x86_64 | 0.1.0 | 45.00 | NOTE | |||
r-oldrel-windows-x86_64 | 0.1.0 | 40.00 | 72.00 | 112.00 | NOTE |
Version: 0.1.0
Check: LazyData
Result: NOTE
'LazyData' is specified without a 'data' directory
Flavors: r-devel-linux-x86_64-debian-clang, r-devel-linux-x86_64-debian-gcc, r-devel-linux-x86_64-fedora-clang, r-devel-linux-x86_64-fedora-gcc, r-devel-windows-x86_64, r-patched-linux-x86_64, r-release-linux-x86_64, r-release-macos-arm64, r-release-windows-x86_64, r-oldrel-macos-arm64, r-oldrel-macos-x86_64, r-oldrel-windows-x86_64
Version: 0.1.0
Check: compiled code
Result: NOTE
File ‘rIsing/libs/rIsing.so’:
Found no calls to: ‘R_registerRoutines’, ‘R_useDynamicSymbols’
It is good practice to register native routines and to disable symbol
search.
See ‘Writing portable packages’ in the ‘Writing R Extensions’ manual.
Flavors: r-devel-linux-x86_64-fedora-clang, r-devel-linux-x86_64-fedora-gcc
Version: 0.1.0
Check: installed package size
Result: NOTE
installed size is 13.1Mb
sub-directories of 1Mb or more:
libs 13.0Mb
Flavors: r-release-macos-arm64, r-oldrel-macos-arm64, r-oldrel-macos-x86_64