Last updated on 2024-05-03 05:53:18 CEST.
Flavor | Version | Tinstall | Tcheck | Ttotal | Status | Flags |
---|---|---|---|---|---|---|
r-devel-linux-x86_64-debian-clang | 1.2.1 | 537.03 | 254.74 | 791.77 | NOTE | |
r-devel-linux-x86_64-debian-gcc | 1.2.1 | 437.30 | 211.01 | 648.31 | NOTE | |
r-devel-linux-x86_64-fedora-clang | 1.2.1 | 938.20 | NOTE | |||
r-devel-linux-x86_64-fedora-gcc | 1.2.1 | 1125.35 | NOTE | |||
r-devel-windows-x86_64 | 1.2.1 | 389.00 | 234.00 | 623.00 | NOTE | |
r-patched-linux-x86_64 | 1.2.1 | 462.55 | 273.44 | 735.99 | NOTE | |
r-release-linux-x86_64 | 1.2.1 | 486.77 | 278.75 | 765.52 | NOTE | |
r-release-macos-arm64 | 1.2.1 | 247.00 | NOTE | |||
r-release-macos-x86_64 | 1.2.1 | 212.00 | NOTE | |||
r-release-windows-x86_64 | 1.2.1 | 375.00 | 232.00 | 607.00 | NOTE | |
r-oldrel-macos-arm64 | 1.2.1 | 174.00 | NOTE | |||
r-oldrel-macos-x86_64 | 1.2.1 | 184.00 | NOTE | |||
r-oldrel-windows-x86_64 | 1.2.1 | 478.00 | 289.00 | 767.00 | NOTE |
Version: 1.2.1
Check: for GNU extensions in Makefiles
Result: NOTE
GNU make is a SystemRequirements.
Flavors: r-devel-linux-x86_64-debian-clang, r-devel-linux-x86_64-debian-gcc, r-devel-linux-x86_64-fedora-clang, r-devel-linux-x86_64-fedora-gcc, r-devel-windows-x86_64, r-patched-linux-x86_64, r-release-linux-x86_64, r-release-macos-arm64, r-release-macos-x86_64, r-release-windows-x86_64, r-oldrel-macos-arm64, r-oldrel-macos-x86_64, r-oldrel-windows-x86_64
Version: 1.2.1
Check: installed package size
Result: NOTE
installed size is 5.9Mb
sub-directories of 1Mb or more:
libs 5.3Mb
Flavors: r-devel-linux-x86_64-fedora-clang, r-release-macos-arm64, r-release-macos-x86_64, r-oldrel-macos-arm64, r-oldrel-macos-x86_64