Last updated on 2024-05-03 05:53:19 CEST.
Flavor | Version | Tinstall | Tcheck | Ttotal | Status | Flags |
---|---|---|---|---|---|---|
r-devel-linux-x86_64-debian-clang | 1.0.10 | 29.00 | 515.12 | 544.12 | OK | |
r-devel-linux-x86_64-debian-gcc | 1.0.10 | 23.38 | 366.05 | 389.43 | OK | |
r-devel-linux-x86_64-fedora-clang | 1.0.10 | 648.95 | NOTE | |||
r-devel-linux-x86_64-fedora-gcc | 1.0.10 | 487.48 | OK | |||
r-devel-windows-x86_64 | 1.0.10 | 26.00 | 382.00 | 408.00 | OK | |
r-patched-linux-x86_64 | 1.0.10 | 37.21 | 489.36 | 526.57 | OK | |
r-release-linux-x86_64 | 1.0.10 | 30.75 | 477.96 | 508.71 | OK | |
r-release-macos-arm64 | 1.0.10 | 172.00 | OK | |||
r-release-macos-x86_64 | 1.0.10 | 497.00 | OK | |||
r-release-windows-x86_64 | 1.0.10 | 24.00 | 376.00 | 400.00 | OK | |
r-oldrel-macos-arm64 | 1.0.10 | 177.00 | OK | |||
r-oldrel-macos-x86_64 | 1.0.10 | 438.00 | OK | |||
r-oldrel-windows-x86_64 | 1.0.10 | 34.00 | 511.00 | 545.00 | OK |
Version: 1.0.10
Check: Rd cross-references
Result: NOTE
Undeclared packages ‘fastICA’, ‘dimRed’ in Rd xrefs
Flavor: r-devel-linux-x86_64-fedora-clang