Last updated on 2024-05-03 05:53:19 CEST.
Flavor | Version | Tinstall | Tcheck | Ttotal | Status | Flags |
---|---|---|---|---|---|---|
r-devel-linux-x86_64-debian-clang | 1.6.1 | 42.40 | 31.27 | 73.67 | OK | |
r-devel-linux-x86_64-debian-gcc | 1.6.1 | 38.12 | 23.38 | 61.50 | OK | |
r-devel-linux-x86_64-fedora-clang | 1.6.1 | 101.68 | NOTE | |||
r-devel-linux-x86_64-fedora-gcc | 1.6.1 | 111.40 | OK | |||
r-devel-windows-x86_64 | 1.6.1 | 49.00 | 77.00 | 126.00 | NOTE | |
r-patched-linux-x86_64 | 1.6.1 | 48.17 | 30.09 | 78.26 | OK | |
r-release-linux-x86_64 | 1.6.1 | 48.73 | 30.40 | 79.13 | OK | |
r-release-macos-arm64 | 1.6.1 | 28.00 | NOTE | |||
r-release-windows-x86_64 | 1.6.1 | 50.00 | 66.00 | 116.00 | NOTE | |
r-oldrel-macos-arm64 | 1.6.1 | 33.00 | NOTE | |||
r-oldrel-macos-x86_64 | 1.6.1 | 73.00 | NOTE | |||
r-oldrel-windows-x86_64 | 1.6.1 | 41.00 | 75.00 | 116.00 | NOTE |
Version: 1.6.1
Check: installed package size
Result: NOTE
installed size is 7.1Mb
sub-directories of 1Mb or more:
include 6.4Mb
Flavors: r-devel-linux-x86_64-fedora-clang, r-devel-windows-x86_64, r-release-macos-arm64, r-release-windows-x86_64, r-oldrel-macos-arm64, r-oldrel-macos-x86_64, r-oldrel-windows-x86_64