Last updated on 2024-04-20 00:04:36 CEST.
Flavor | Version | Tinstall | Tcheck | Ttotal | Status | Flags |
---|---|---|---|---|---|---|
r-devel-linux-x86_64-debian-clang | 1.36.0 | 41.19 | 142.99 | 184.18 | OK | |
r-devel-linux-x86_64-debian-gcc | 1.36.0 | OK | ||||
r-devel-linux-x86_64-fedora-clang | 1.36.0 | 260.21 | OK | |||
r-devel-linux-x86_64-fedora-gcc | 1.36.0 | 275.72 | OK | |||
r-prerel-macos-arm64 | 1.36.0 | 81.00 | NOTE | |||
r-prerel-macos-x86_64 | 1.36.0 | 181.00 | NOTE | |||
r-prerel-windows-x86_64 | 1.36.0 | 50.00 | 154.00 | 204.00 | OK | |
r-patched-linux-x86_64 | 1.36.0 | 46.47 | 135.72 | 182.19 | OK | |
r-release-linux-x86_64 | 1.35.0 | 40.90 | 145.82 | 186.72 | OK | |
r-release-macos-arm64 | 1.36.0 | 81.00 | NOTE | |||
r-release-macos-x86_64 | 1.36.0 | 165.00 | NOTE | |||
r-release-windows-x86_64 | 1.36.0 | 44.00 | 158.00 | 202.00 | OK | |
r-oldrel-macos-arm64 | 1.36.0 | 80.00 | NOTE | |||
r-oldrel-windows-x86_64 | 1.36.0 | 48.00 | 167.00 | 215.00 | OK |
Version: 1.36.0
Check: installed package size
Result: NOTE
installed size is 6.0Mb
sub-directories of 1Mb or more:
libs 3.6Mb
Flavors: r-prerel-macos-arm64, r-prerel-macos-x86_64, r-release-macos-arm64, r-release-macos-x86_64, r-oldrel-macos-arm64