Last updated on 2024-04-27 06:01:26 CEST.
Flavor | Version | Tinstall | Tcheck | Ttotal | Status | Flags |
---|---|---|---|---|---|---|
r-devel-linux-x86_64-debian-clang | 0.4.1 | 12.59 | 101.46 | 114.05 | NOTE | |
r-devel-linux-x86_64-debian-gcc | 0.4.1 | 9.58 | 72.95 | 82.53 | NOTE | |
r-devel-linux-x86_64-fedora-clang | 0.4.1 | 140.89 | NOTE | |||
r-devel-linux-x86_64-fedora-gcc | 0.4.1 | 132.00 | NOTE | |||
r-devel-windows-x86_64 | 0.4.1 | 13.00 | 95.00 | 108.00 | NOTE | |
r-patched-linux-x86_64 | 0.4.1 | 11.80 | 95.28 | 107.08 | NOTE | |
r-release-linux-x86_64 | 0.4.1 | 8.58 | 97.37 | 105.95 | NOTE | |
r-release-macos-arm64 | 0.4.1 | 40.00 | NOTE | |||
r-release-windows-x86_64 | 0.4.1 | 13.00 | 93.00 | 106.00 | NOTE | |
r-oldrel-macos-arm64 | 0.4.1 | 40.00 | NOTE | |||
r-oldrel-macos-x86_64 | 0.4.1 | 67.00 | NOTE | |||
r-oldrel-windows-x86_64 | 0.4.1 | 17.00 | 106.00 | 123.00 | NOTE |
Version: 0.4.1
Check: LazyData
Result: NOTE
'LazyData' is specified without a 'data' directory
Flavors: r-devel-linux-x86_64-debian-clang, r-devel-linux-x86_64-debian-gcc, r-devel-linux-x86_64-fedora-clang, r-devel-linux-x86_64-fedora-gcc, r-devel-windows-x86_64, r-patched-linux-x86_64, r-release-linux-x86_64, r-release-macos-arm64, r-release-windows-x86_64, r-oldrel-macos-arm64, r-oldrel-macos-x86_64, r-oldrel-windows-x86_64