Last updated on 2024-05-03 05:53:19 CEST.
Flavor | Version | Tinstall | Tcheck | Ttotal | Status | Flags |
---|---|---|---|---|---|---|
r-devel-linux-x86_64-debian-clang | 0.5.6 | 15.86 | 199.35 | 215.21 | NOTE | |
r-devel-linux-x86_64-debian-gcc | 0.5.6 | 13.52 | 144.64 | 158.16 | NOTE | |
r-devel-linux-x86_64-fedora-clang | 0.5.6 | 271.31 | NOTE | |||
r-devel-linux-x86_64-fedora-gcc | 0.5.6 | 257.49 | NOTE | |||
r-devel-windows-x86_64 | 0.5.6 | 17.00 | 166.00 | 183.00 | NOTE | |
r-patched-linux-x86_64 | 0.5.6 | 24.21 | 189.05 | 213.26 | NOTE | |
r-release-linux-x86_64 | 0.5.6 | 10.99 | 186.97 | 197.96 | NOTE | |
r-release-macos-arm64 | 0.5.6 | 74.00 | NOTE | |||
r-release-windows-x86_64 | 0.5.6 | 17.00 | 168.00 | 185.00 | NOTE | |
r-oldrel-macos-arm64 | 0.5.6 | 85.00 | NOTE | |||
r-oldrel-macos-x86_64 | 0.5.6 | 175.00 | NOTE | |||
r-oldrel-windows-x86_64 | 0.5.6 | 21.00 | 195.00 | 216.00 | NOTE |
Version: 0.5.6
Check: package dependencies
Result: NOTE
Packages suggested but not available for checking:
'mimic.demo', 'eicu.demo'
Flavors: r-devel-linux-x86_64-debian-clang, r-devel-linux-x86_64-debian-gcc, r-devel-linux-x86_64-fedora-clang, r-devel-linux-x86_64-fedora-gcc, r-devel-windows-x86_64, r-patched-linux-x86_64, r-release-linux-x86_64, r-release-macos-arm64, r-release-windows-x86_64, r-oldrel-macos-arm64, r-oldrel-macos-x86_64, r-oldrel-windows-x86_64