Last updated on 2024-05-02 23:52:03 CEST.
Flavor | Version | Tinstall | Tcheck | Ttotal | Status | Flags |
---|---|---|---|---|---|---|
r-devel-linux-x86_64-debian-clang | 0.1.6 | 36.41 | 33.35 | 69.76 | NOTE | |
r-devel-linux-x86_64-debian-gcc | 0.1.6 | 29.82 | 26.08 | 55.90 | NOTE | |
r-devel-linux-x86_64-fedora-clang | 0.1.6 | 104.22 | NOTE | |||
r-devel-linux-x86_64-fedora-gcc | 0.1.6 | 112.73 | NOTE | |||
r-devel-windows-x86_64 | 0.1.6 | 32.00 | 70.00 | 102.00 | NOTE | |
r-patched-linux-x86_64 | 0.1.6 | 34.87 | 32.01 | 66.88 | NOTE | |
r-release-linux-x86_64 | 0.1.6 | 38.24 | 32.21 | 70.45 | NOTE | |
r-release-macos-arm64 | 0.1.6 | 32.00 | NOTE | |||
r-release-windows-x86_64 | 0.1.6 | 30.00 | 72.00 | 102.00 | NOTE | |
r-oldrel-macos-arm64 | 0.1.6 | 35.00 | NOTE | |||
r-oldrel-macos-x86_64 | 0.1.6 | 57.00 | NOTE | |||
r-oldrel-windows-x86_64 | 0.1.6 | 36.00 | 73.00 | 109.00 | NOTE |
Version: 0.1.6
Check: C++ specification
Result: NOTE
Specified C++11: please drop specification unless essential
Flavors: r-devel-linux-x86_64-debian-clang, r-devel-linux-x86_64-debian-gcc, r-devel-linux-x86_64-fedora-clang, r-devel-linux-x86_64-fedora-gcc, r-devel-windows-x86_64, r-patched-linux-x86_64, r-release-linux-x86_64, r-release-macos-arm64, r-release-windows-x86_64, r-oldrel-macos-arm64, r-oldrel-macos-x86_64, r-oldrel-windows-x86_64