Last updated on 2024-05-02 23:52:03 CEST.
Flavor | Version | Tinstall | Tcheck | Ttotal | Status | Flags |
---|---|---|---|---|---|---|
r-devel-linux-x86_64-debian-clang | 0.2.0 | 5.56 | 92.63 | 98.19 | OK | |
r-devel-linux-x86_64-debian-gcc | 0.2.0 | 3.48 | 67.53 | 71.01 | OK | |
r-devel-linux-x86_64-fedora-clang | 0.2.0 | 120.11 | NOTE | |||
r-devel-linux-x86_64-fedora-gcc | 0.2.0 | 127.81 | OK | |||
r-devel-windows-x86_64 | 0.2.0 | 6.00 | 82.00 | 88.00 | OK | |
r-patched-linux-x86_64 | 0.2.0 | 4.81 | 86.69 | 91.50 | OK | |
r-release-linux-x86_64 | 0.2.0 | 3.12 | 89.62 | 92.74 | OK | |
r-release-macos-arm64 | 0.2.0 | 35.00 | OK | |||
r-release-macos-x86_64 | 0.2.0 | 121.00 | OK | |||
r-release-windows-x86_64 | 0.2.0 | 6.00 | 79.00 | 85.00 | OK | |
r-oldrel-macos-arm64 | 0.2.0 | 43.00 | OK | |||
r-oldrel-macos-x86_64 | 0.2.0 | 93.00 | OK | |||
r-oldrel-windows-x86_64 | 0.2.0 | 7.00 | 94.00 | 101.00 | OK |
Version: 0.2.0
Check: Rd cross-references
Result: NOTE
Undeclared package ‘future’ in Rd xrefs
Flavor: r-devel-linux-x86_64-fedora-clang