Last updated on 2024-05-01 17:54:36 CEST.
Flavor | Version | Tinstall | Tcheck | Ttotal | Status | Flags |
---|---|---|---|---|---|---|
r-devel-linux-x86_64-debian-clang | 0.4.1 | 57.30 | 131.12 | 188.42 | OK | |
r-devel-linux-x86_64-debian-gcc | 0.4.1 | 41.46 | 93.27 | 134.73 | OK | |
r-devel-linux-x86_64-fedora-clang | 0.4.1 | 248.83 | OK | |||
r-devel-linux-x86_64-fedora-gcc | 0.4.1 | 240.92 | OK | |||
r-devel-windows-x86_64 | 0.4.1 | 44.00 | 128.00 | 172.00 | OK | |
r-patched-linux-x86_64 | 0.4.1 | 52.35 | 120.46 | 172.81 | OK | |
r-release-linux-x86_64 | 0.4.1 | 46.28 | 120.44 | 166.72 | OK | |
r-release-macos-arm64 | 0.4.1 | 56.00 | NOTE | |||
r-release-windows-x86_64 | 0.4.1 | 46.00 | 132.00 | 178.00 | OK | |
r-oldrel-macos-arm64 | 0.4.1 | 62.00 | NOTE | |||
r-oldrel-macos-x86_64 | 0.4.1 | 128.00 | NOTE | |||
r-oldrel-windows-x86_64 | 0.4.1 | 54.00 | 159.00 | 213.00 | OK |
Version: 0.4.1
Check: package dependencies
Result: NOTE
Package which this enhances but not available for checking: ‘glmGamPoi’
Flavors: r-release-macos-arm64, r-oldrel-macos-arm64, r-oldrel-macos-x86_64