Last updated on 2024-05-03 05:53:22 CEST.
Flavor | Version | Tinstall | Tcheck | Ttotal | Status | Flags |
---|---|---|---|---|---|---|
r-devel-linux-x86_64-debian-clang | 0.5.0 | 311.32 | 289.48 | 600.80 | OK | |
r-devel-linux-x86_64-debian-gcc | 0.5.0 | 244.79 | 229.57 | 474.36 | OK | |
r-devel-linux-x86_64-fedora-clang | 0.5.0 | 679.07 | NOTE | |||
r-devel-linux-x86_64-fedora-gcc | 0.5.0 | 817.09 | OK | |||
r-devel-windows-x86_64 | 0.5.0 | 189.00 | 279.00 | 468.00 | NOTE | |
r-patched-linux-x86_64 | 0.5.0 | 253.05 | 301.51 | 554.56 | OK | |
r-release-linux-x86_64 | 0.5.0 | 231.01 | 299.05 | 530.06 | OK | |
r-release-macos-arm64 | 0.5.0 | 181.00 | NOTE | |||
r-release-macos-x86_64 | 0.5.0 | 371.00 | NOTE | |||
r-release-windows-x86_64 | 0.5.0 | 199.00 | 286.00 | 485.00 | NOTE | |
r-oldrel-macos-arm64 | 0.5.0 | 189.00 | NOTE | |||
r-oldrel-macos-x86_64 | 0.5.0 | 366.00 | NOTE | |||
r-oldrel-windows-x86_64 | 0.5.0 | 292.00 | 346.00 | 638.00 | NOTE |
Version: 0.5.0
Check: installed package size
Result: NOTE
installed size is 7.7Mb
sub-directories of 1Mb or more:
libs 5.8Mb
Flavors: r-devel-linux-x86_64-fedora-clang, r-devel-windows-x86_64, r-release-macos-arm64, r-release-macos-x86_64, r-release-windows-x86_64, r-oldrel-macos-arm64, r-oldrel-macos-x86_64, r-oldrel-windows-x86_64