Last updated on 2024-05-03 05:53:22 CEST.
Flavor | Version | Tinstall | Tcheck | Ttotal | Status | Flags |
---|---|---|---|---|---|---|
r-devel-linux-x86_64-debian-clang | 0.1.1 | 7.68 | 81.37 | 89.05 | OK | |
r-devel-linux-x86_64-debian-gcc | 0.1.1 | 6.37 | 60.25 | 66.62 | OK | |
r-devel-linux-x86_64-fedora-clang | 0.1.1 | 116.49 | OK | |||
r-devel-linux-x86_64-fedora-gcc | 0.1.1 | 116.71 | OK | |||
r-devel-windows-x86_64 | 0.1.1 | 8.00 | 79.00 | 87.00 | OK | |
r-patched-linux-x86_64 | 0.1.1 | 11.64 | 79.49 | 91.13 | OK | |
r-release-linux-x86_64 | 0.1.1 | 6.76 | 76.66 | 83.42 | OK | |
r-release-macos-arm64 | 0.1.1 | 41.00 | OK | |||
r-release-windows-x86_64 | 0.1.1 | 8.00 | 77.00 | 85.00 | OK | |
r-oldrel-macos-arm64 | 0.1.1 | 42.00 | OK | |||
r-oldrel-macos-x86_64 | 0.1.1 | 70.00 | NOTE | |||
r-oldrel-windows-x86_64 | 0.1.1 | 10.00 | 92.00 | 102.00 | OK |
Version: 0.1.1
Check: package dependencies
Result: NOTE
Packages suggested but not available for checking:
'FactoMineR', 'descriptio'
Flavor: r-oldrel-macos-x86_64