Last updated on 2024-04-27 11:49:03 CEST.
Flavor | Version | Tinstall | Tcheck | Ttotal | Status | Flags |
---|---|---|---|---|---|---|
r-devel-linux-x86_64-debian-clang | 1.5 | 3.09 | 39.82 | 42.91 | NOTE | |
r-devel-linux-x86_64-debian-gcc | 1.5 | 2.41 | 29.87 | 32.28 | NOTE | |
r-devel-linux-x86_64-fedora-clang | 1.5 | 56.85 | NOTE | |||
r-devel-linux-x86_64-fedora-gcc | 1.5 | 67.87 | NOTE | |||
r-devel-windows-x86_64 | 1.5 | 5.00 | 60.00 | 65.00 | NOTE | |
r-patched-linux-x86_64 | 1.5 | 3.80 | 36.99 | 40.79 | NOTE | |
r-release-linux-x86_64 | 1.5 | 2.75 | 35.87 | 38.62 | OK | |
r-release-macos-arm64 | 1.5 | 31.00 | NOTE | |||
r-release-windows-x86_64 | 1.5 | 5.00 | 59.00 | 64.00 | NOTE | |
r-oldrel-macos-arm64 | 1.5 | 34.00 | OK | |||
r-oldrel-macos-x86_64 | 1.5 | 48.00 | OK | |||
r-oldrel-windows-x86_64 | 1.5 | 6.00 | 63.00 | 69.00 | OK |
Version: 1.5
Check: Rd files
Result: NOTE
checkRd: (-1) shiftrPrepare.Rd:37: Lost braces
37 | See code{\link{shiftrPermBinary}} function and the respective example.
| ^
Flavors: r-devel-linux-x86_64-debian-clang, r-devel-linux-x86_64-debian-gcc, r-devel-linux-x86_64-fedora-clang, r-devel-linux-x86_64-fedora-gcc, r-devel-windows-x86_64, r-patched-linux-x86_64, r-release-macos-arm64, r-release-windows-x86_64