Last updated on 2024-05-03 05:53:23 CEST.
Flavor | Version | Tinstall | Tcheck | Ttotal | Status | Flags |
---|---|---|---|---|---|---|
r-devel-linux-x86_64-debian-clang | 0.1.3 | 5.53 | 40.43 | 45.96 | OK | |
r-devel-linux-x86_64-debian-gcc | 0.1.3 | 4.61 | 29.51 | 34.12 | OK | |
r-devel-linux-x86_64-fedora-clang | 0.1.3 | 56.73 | NOTE | |||
r-devel-linux-x86_64-fedora-gcc | 0.1.3 | 54.51 | NOTE | |||
r-devel-windows-x86_64 | 0.1.3 | 7.00 | 52.00 | 59.00 | OK | |
r-patched-linux-x86_64 | 0.1.3 | 4.05 | 38.36 | 42.41 | OK | |
r-release-linux-x86_64 | 0.1.3 | 4.73 | 38.31 | 43.04 | OK | |
r-release-macos-arm64 | 0.1.3 | 22.00 | OK | |||
r-release-windows-x86_64 | 0.1.3 | 7.00 | 50.00 | 57.00 | OK | |
r-oldrel-macos-arm64 | 0.1.3 | 25.00 | OK | |||
r-oldrel-macos-x86_64 | 0.1.3 | 32.00 | OK | |||
r-oldrel-windows-x86_64 | 0.1.3 | 8.00 | 55.00 | 63.00 | OK |
Version: 0.1.3
Check: dependencies in R code
Result: NOTE
Namespaces in Imports field not imported from:
‘dplyr’ ‘methods’
All declared Imports should be used.
Flavors: r-devel-linux-x86_64-fedora-clang, r-devel-linux-x86_64-fedora-gcc