Last updated on 2024-05-02 23:52:06 CEST.
Flavor | Version | Tinstall | Tcheck | Ttotal | Status | Flags |
---|---|---|---|---|---|---|
r-devel-linux-x86_64-debian-clang | 2.1-7 | 4.17 | 113.46 | 117.63 | NOTE | |
r-devel-linux-x86_64-debian-gcc | 2.1-7 | 2.79 | 86.88 | 89.67 | NOTE | |
r-devel-linux-x86_64-fedora-clang | 2.1-7 | 119.21 | NOTE | |||
r-devel-linux-x86_64-fedora-gcc | 2.1-7 | 248.48 | NOTE | |||
r-devel-windows-x86_64 | 2.1-7 | 5.00 | 158.00 | 163.00 | NOTE | |
r-patched-linux-x86_64 | 2.1-7 | 4.95 | 115.44 | 120.39 | NOTE | |
r-release-linux-x86_64 | 2.1-7 | 2.70 | 115.95 | 118.65 | NOTE | |
r-release-macos-arm64 | 2.1-7 | 992.00 | NOTE | |||
r-release-windows-x86_64 | 2.1-7 | 4.00 | 156.00 | 160.00 | NOTE | |
r-oldrel-macos-arm64 | 2.1-7 | 1747.00 | OK | |||
r-oldrel-macos-x86_64 | 2.1-7 | 302.00 | OK | |||
r-oldrel-windows-x86_64 | 2.1-7 | 4.00 | 157.00 | 161.00 | OK |
Version: 2.1-7
Check: Rd files
Result: NOTE
checkRd: (-1) findFn.Rd:101-102: Lost braces in \itemize; \value handles \item{}{} directly
checkRd: (-1) findFn.Rd:103-109: Lost braces in \itemize; \value handles \item{}{} directly
checkRd: (-1) findFn.Rd:110-116: Lost braces in \itemize; \value handles \item{}{} directly
checkRd: (-1) findFn.Rd:117-120: Lost braces in \itemize; \value handles \item{}{} directly
checkRd: (-1) findFn.Rd:121-124: Lost braces in \itemize; \value handles \item{}{} directly
checkRd: (-1) findFn.Rd:125: Lost braces in \itemize; \value handles \item{}{} directly
checkRd: (-1) findFn.Rd:126-130: Lost braces in \itemize; \value handles \item{}{} directly
checkRd: (-1) findFn.Rd:131-133: Lost braces in \itemize; \value handles \item{}{} directly
checkRd: (-1) findFn.Rd:134-137: Lost braces in \itemize; \value handles \item{}{} directly
checkRd: (-1) findFn.Rd:144-150: Lost braces in \itemize; \value handles \item{}{} directly
checkRd: (-1) findFn.Rd:151-157: Lost braces in \itemize; \value handles \item{}{} directly
checkRd: (-1) findFn.Rd:158-161: Lost braces in \itemize; \value handles \item{}{} directly
checkRd: (-1) findFn.Rd:162: Lost braces in \itemize; \value handles \item{}{} directly
Flavors: r-devel-linux-x86_64-debian-clang, r-devel-linux-x86_64-debian-gcc, r-devel-linux-x86_64-fedora-clang, r-devel-linux-x86_64-fedora-gcc, r-devel-windows-x86_64, r-patched-linux-x86_64, r-release-linux-x86_64, r-release-macos-arm64, r-release-windows-x86_64