Last updated on 2024-05-03 05:53:24 CEST.
Flavor | Version | Tinstall | Tcheck | Ttotal | Status | Flags |
---|---|---|---|---|---|---|
r-devel-linux-x86_64-debian-clang | 0.3.0 | 129.66 | 216.60 | 346.26 | OK | |
r-devel-linux-x86_64-debian-gcc | 0.3.0 | 104.28 | 163.10 | 267.38 | OK | |
r-devel-linux-x86_64-fedora-clang | 0.3.0 | 463.80 | OK | |||
r-devel-linux-x86_64-fedora-gcc | 0.3.0 | 489.70 | OK | |||
r-devel-windows-x86_64 | 0.3.0 | 103.00 | 204.00 | 307.00 | OK | |
r-patched-linux-x86_64 | 0.3.0 | 95.71 | 208.82 | 304.53 | OK | |
r-release-linux-x86_64 | 0.3.0 | 103.25 | 212.34 | 315.59 | OK | |
r-release-macos-arm64 | 0.3.0 | 100.00 | NOTE | |||
r-release-windows-x86_64 | 0.3.0 | 102.00 | 204.00 | 306.00 | OK | |
r-oldrel-macos-arm64 | 0.3.0 | 104.00 | NOTE | |||
r-oldrel-macos-x86_64 | 0.3.0 | 200.00 | NOTE | |||
r-oldrel-windows-x86_64 | 0.3.0 | 124.00 | 265.00 | 389.00 | OK |
Version: 0.3.0
Check: installed package size
Result: NOTE
installed size is 13.4Mb
sub-directories of 1Mb or more:
data 1.1Mb
help 1.1Mb
libs 10.9Mb
Flavors: r-release-macos-arm64, r-oldrel-macos-arm64, r-oldrel-macos-x86_64