Last updated on 2024-05-03 05:53:24 CEST.
Flavor | Version | Tinstall | Tcheck | Ttotal | Status | Flags |
---|---|---|---|---|---|---|
r-devel-linux-x86_64-debian-clang | 1.0.6.1 | 15.02 | 500.95 | 515.97 | NOTE | |
r-devel-linux-x86_64-debian-gcc | 1.0.6.1 | 14.05 | 386.82 | 400.87 | NOTE | |
r-devel-linux-x86_64-fedora-clang | 1.0.6.1 | 635.34 | NOTE | |||
r-devel-linux-x86_64-fedora-gcc | 1.0.6.1 | 522.97 | NOTE | |||
r-devel-windows-x86_64 | 1.0.6.1 | 16.00 | 380.00 | 396.00 | NOTE | |
r-patched-linux-x86_64 | 1.0.6.1 | 18.14 | 490.49 | 508.63 | NOTE | |
r-release-linux-x86_64 | 1.0.6.1 | 17.17 | 489.05 | 506.22 | NOTE | |
r-release-macos-arm64 | 1.0.6.1 | 214.00 | NOTE | |||
r-release-windows-x86_64 | 1.0.6.1 | 18.00 | 366.00 | 384.00 | NOTE | |
r-oldrel-macos-arm64 | 1.0.6.1 | 109.00 | NOTE | |||
r-oldrel-macos-x86_64 | 1.0.6.1 | 275.00 | NOTE | |||
r-oldrel-windows-x86_64 | 1.0.6.1 | 21.00 | 487.00 | 508.00 | NOTE |
Version: 1.0.6.1
Check: package dependencies
Result: NOTE
Package suggested but not available for checking: ‘asreml’
Flavors: r-devel-linux-x86_64-debian-clang, r-devel-linux-x86_64-debian-gcc, r-devel-linux-x86_64-fedora-clang, r-devel-linux-x86_64-fedora-gcc, r-devel-windows-x86_64, r-patched-linux-x86_64, r-release-linux-x86_64, r-release-macos-arm64, r-release-windows-x86_64, r-oldrel-macos-arm64, r-oldrel-macos-x86_64, r-oldrel-windows-x86_64
Version: 1.0.6.1
Check: installed package size
Result: NOTE
installed size is 5.0Mb
sub-directories of 1Mb or more:
data 3.5Mb
Flavors: r-devel-linux-x86_64-fedora-clang, r-release-macos-arm64, r-oldrel-macos-arm64, r-oldrel-macos-x86_64