Last updated on 2024-05-03 05:53:24 CEST.
Flavor | Version | Tinstall | Tcheck | Ttotal | Status | Flags |
---|---|---|---|---|---|---|
r-devel-linux-x86_64-debian-clang | 1.0-1 | 26.34 | 210.89 | 237.23 | OK | |
r-devel-linux-x86_64-debian-gcc | 1.0-1 | 20.54 | 156.24 | 176.78 | OK | |
r-devel-linux-x86_64-fedora-clang | 1.0-1 | 170.18 | NOTE | |||
r-devel-linux-x86_64-fedora-gcc | 1.0-1 | 166.89 | OK | |||
r-devel-windows-x86_64 | 1.0-1 | 23.00 | 180.00 | 203.00 | OK | |
r-patched-linux-x86_64 | 1.0-1 | 33.38 | 200.39 | 233.77 | OK | |
r-release-linux-x86_64 | 1.0-1 | 22.91 | 204.64 | 227.55 | OK | |
r-release-macos-arm64 | 1.0-1 | 84.00 | OK | |||
r-release-windows-x86_64 | 1.0-1 | 25.00 | 181.00 | 206.00 | OK | |
r-oldrel-macos-arm64 | 1.0-1 | 89.00 | OK | |||
r-oldrel-macos-x86_64 | 1.0-1 | 121.00 | OK | |||
r-oldrel-windows-x86_64 | 1.0-1 | 28.00 | 216.00 | 244.00 | OK |
Version: 1.0-1
Check: Rd cross-references
Result: NOTE
Undeclared package ‘dbscan’ in Rd xrefs
Flavor: r-devel-linux-x86_64-fedora-clang