Last updated on 2024-05-02 23:52:08 CEST.
Flavor | Version | Tinstall | Tcheck | Ttotal | Status | Flags |
---|---|---|---|---|---|---|
r-devel-linux-x86_64-debian-clang | 2.1.2 | 4.57 | 68.35 | 72.92 | OK | |
r-devel-linux-x86_64-debian-gcc | 2.1.2 | 3.68 | 50.09 | 53.77 | OK | |
r-devel-linux-x86_64-fedora-clang | 2.1.2 | 92.54 | NOTE | |||
r-devel-linux-x86_64-fedora-gcc | 2.1.2 | 101.28 | OK | |||
r-devel-windows-x86_64 | 2.1.2 | 6.00 | 84.00 | 90.00 | NOTE | |
r-patched-linux-x86_64 | 2.1.2 | 8.29 | 62.53 | 70.82 | OK | |
r-release-linux-x86_64 | 2.1.2 | 4.40 | 65.01 | 69.41 | OK | |
r-release-macos-arm64 | 2.1.2 | 41.00 | NOTE | |||
r-release-windows-x86_64 | 2.1.2 | 6.00 | 81.00 | 87.00 | NOTE | |
r-oldrel-macos-arm64 | 2.1.2 | 53.00 | NOTE | |||
r-oldrel-macos-x86_64 | 2.1.2 | 83.00 | NOTE | |||
r-oldrel-windows-x86_64 | 2.1.2 | 7.00 | 104.00 | 111.00 | NOTE |
Version: 2.1.2
Check: installed package size
Result: NOTE
installed size is 6.1Mb
sub-directories of 1Mb or more:
doc 5.9Mb
Flavors: r-devel-linux-x86_64-fedora-clang, r-devel-windows-x86_64, r-release-macos-arm64, r-release-windows-x86_64, r-oldrel-macos-arm64, r-oldrel-macos-x86_64, r-oldrel-windows-x86_64