Last updated on 2024-05-03 05:53:25 CEST.
Flavor | Version | Tinstall | Tcheck | Ttotal | Status | Flags |
---|---|---|---|---|---|---|
r-devel-linux-x86_64-debian-clang | 0.0.3 | 10.64 | 187.83 | 198.47 | OK | |
r-devel-linux-x86_64-debian-gcc | 0.0.3 | 12.23 | 162.97 | 175.20 | OK | |
r-devel-linux-x86_64-fedora-clang | 1.0.0 | 211.42 | NOTE | |||
r-devel-linux-x86_64-fedora-gcc | 0.0.3 | 279.22 | NOTE | |||
r-devel-windows-x86_64 | 1.0.0 | 18.00 | 114.00 | 132.00 | OK | |
r-patched-linux-x86_64 | 0.0.3 | 16.97 | 206.46 | 223.43 | OK | |
r-release-linux-x86_64 | 0.0.3 | 11.97 | 207.50 | 219.47 | OK | |
r-release-macos-arm64 | 1.0.0 | 38.00 | OK | |||
r-release-macos-x86_64 | 1.0.0 | 80.00 | OK | |||
r-release-windows-x86_64 | 0.0.3 | 14.00 | 165.00 | 179.00 | OK | |
r-oldrel-macos-arm64 | 1.0.0 | 52.00 | OK | |||
r-oldrel-macos-x86_64 | 1.0.0 | 72.00 | OK | |||
r-oldrel-windows-x86_64 | 1.0.0 | 18.00 | 118.00 | 136.00 | OK |
Version: 1.0.0
Check: data for non-ASCII characters
Result: NOTE
Note: found 551 marked UTF-8 strings
Flavor: r-devel-linux-x86_64-fedora-clang
Version: 0.0.3
Check: data for non-ASCII characters
Result: NOTE
Note: found 551 marked UTF-8 strings
Flavor: r-devel-linux-x86_64-fedora-gcc