Last updated on 2024-05-02 05:12:55 CEST.
Flavor | Version | Tinstall | Tcheck | Ttotal | Status | Flags |
---|---|---|---|---|---|---|
r-devel-linux-x86_64-debian-clang | 0.6.1 | 8.38 | 91.66 | 100.04 | NOTE | |
r-devel-linux-x86_64-debian-gcc | 0.6.1 | 8.09 | 67.05 | 75.14 | NOTE | |
r-devel-linux-x86_64-fedora-clang | 0.6.1 | 123.13 | NOTE | |||
r-devel-linux-x86_64-fedora-gcc | 0.6.1 | 136.16 | NOTE | |||
r-devel-windows-x86_64 | 0.6.1 | 9.00 | 121.00 | 130.00 | NOTE | |
r-patched-linux-x86_64 | 0.6.1 | 9.56 | 87.22 | 96.78 | NOTE | |
r-release-linux-x86_64 | 0.6.1 | 7.98 | 86.72 | 94.70 | NOTE | |
r-release-macos-arm64 | 0.6.1 | 42.00 | NOTE | |||
r-release-windows-x86_64 | 0.6.1 | 9.00 | 121.00 | 130.00 | NOTE | |
r-oldrel-macos-arm64 | 0.6.1 | 46.00 | NOTE | |||
r-oldrel-macos-x86_64 | 0.6.1 | 75.00 | NOTE | |||
r-oldrel-windows-x86_64 | 0.6.1 | 11.00 | 116.00 | 127.00 | NOTE |
Version: 0.6.1
Check: LazyData
Result: NOTE
'LazyData' is specified without a 'data' directory
Flavors: r-devel-linux-x86_64-debian-clang, r-devel-linux-x86_64-debian-gcc, r-devel-linux-x86_64-fedora-clang, r-devel-linux-x86_64-fedora-gcc, r-devel-windows-x86_64, r-patched-linux-x86_64, r-release-linux-x86_64, r-release-macos-arm64, r-release-windows-x86_64, r-oldrel-macos-arm64, r-oldrel-macos-x86_64, r-oldrel-windows-x86_64