Last updated on 2024-05-02 23:52:10 CEST.
Flavor | Version | Tinstall | Tcheck | Ttotal | Status | Flags |
---|---|---|---|---|---|---|
r-devel-linux-x86_64-debian-clang | 2.3.3 | 37.36 | 367.93 | 405.29 | OK | |
r-devel-linux-x86_64-debian-gcc | 2.3.3 | 33.31 | 273.87 | 307.18 | OK | |
r-devel-linux-x86_64-fedora-clang | 2.3.3 | 549.70 | NOTE | |||
r-devel-linux-x86_64-fedora-gcc | 2.3.3 | 519.15 | NOTE | |||
r-devel-windows-x86_64 | 2.3.3 | 37.00 | 317.00 | 354.00 | OK | |
r-patched-linux-x86_64 | 2.3.3 | 39.19 | 352.35 | 391.54 | OK | |
r-release-linux-x86_64 | 2.3.3 | 32.29 | 333.84 | 366.13 | OK | |
r-release-macos-arm64 | 2.3.3 | 82.00 | NOTE | |||
r-release-macos-x86_64 | 2.3.3 | 141.00 | OK | |||
r-release-windows-x86_64 | 2.3.3 | 41.00 | 312.00 | 353.00 | OK | |
r-oldrel-macos-arm64 | 2.3.3 | 99.00 | NOTE | |||
r-oldrel-macos-x86_64 | 2.3.3 | 137.00 | NOTE | |||
r-oldrel-windows-x86_64 | 2.3.3 | 51.00 | 422.00 | 473.00 | OK |
Version: 2.3.3
Check: data for non-ASCII characters
Result: NOTE
Note: found 2 marked UTF-8 strings
Flavors: r-devel-linux-x86_64-fedora-clang, r-devel-linux-x86_64-fedora-gcc
Version: 2.3.3
Check: package dependencies
Result: NOTE
Packages suggested but not available for checking:
'org.Rn.eg.db', 'org.Mm.eg.db'
Flavors: r-release-macos-arm64, r-oldrel-macos-x86_64
Version: 2.3.3
Check: package dependencies
Result: NOTE
Package suggested but not available for checking: ‘org.Rn.eg.db’
Flavor: r-oldrel-macos-arm64