Last updated on 2024-05-03 05:53:26 CEST.
Flavor | Version | Tinstall | Tcheck | Ttotal | Status | Flags |
---|---|---|---|---|---|---|
r-devel-linux-x86_64-debian-clang | 1.0.1 | 2.01 | 43.54 | 45.55 | NOTE | |
r-devel-linux-x86_64-debian-gcc | 1.0.1 | 1.55 | 32.92 | 34.47 | NOTE | |
r-devel-linux-x86_64-fedora-clang | 1.0.1 | 60.65 | NOTE | |||
r-devel-linux-x86_64-fedora-gcc | 1.0.1 | 69.57 | NOTE | |||
r-devel-windows-x86_64 | 1.0.1 | 3.00 | 56.00 | 59.00 | NOTE | |
r-patched-linux-x86_64 | 1.0.1 | 1.66 | 41.42 | 43.08 | NOTE | |
r-release-linux-x86_64 | 1.0.1 | 2.07 | 41.53 | 43.60 | NOTE | |
r-release-macos-arm64 | 1.0.1 | 28.00 | NOTE | |||
r-release-windows-x86_64 | 1.0.1 | 3.00 | 57.00 | 60.00 | NOTE | |
r-oldrel-macos-arm64 | 1.0.1 | 29.00 | NOTE | |||
r-oldrel-macos-x86_64 | 1.0.1 | 44.00 | NOTE | |||
r-oldrel-windows-x86_64 | 1.0.1 | 3.00 | 55.00 | 58.00 | NOTE |
Version: 1.0.1
Check: LazyData
Result: NOTE
'LazyData' is specified without a 'data' directory
Flavors: r-devel-linux-x86_64-debian-clang, r-devel-linux-x86_64-debian-gcc, r-devel-linux-x86_64-fedora-clang, r-devel-linux-x86_64-fedora-gcc, r-devel-windows-x86_64, r-patched-linux-x86_64, r-release-linux-x86_64, r-release-macos-arm64, r-release-windows-x86_64, r-oldrel-macos-arm64, r-oldrel-macos-x86_64, r-oldrel-windows-x86_64